4?
True
Is 27 a factor of 405?
True
Is 8 a factor of 12848?
True
Does 35 divide 6580?
True
Is 4 a factor of 204?
True
Is 8 a factor of 1592?
True
Is 32097 a multiple of 13?
True
Does 164 divide 10988?
True
Does 6 divide 4914?
True
Does 58 divide 1450?
True
Does 56 divide 1344?
True
Does 6 divide 6563?
False
Does 16 divide 2352?
True
Is 11232 a multiple of 52?
True
Is 16 a factor of 5728?
True
Does 26 divide 5278?
True
Is 8571 a multiple of 32?
False
Is 12 a factor of 14081?
False
Is 51 a factor of 38250?
True
Does 20 divide 2263?
False
Is 23 a factor of 2714?
True
Is 242 a multiple of 22?
True
Is 6 a factor of 1320?
True
Is 29 a factor of 41499?
True
Is 45 a factor of 3240?
True
Is 102 a factor of 8466?
True
Does 9 divide 54?
True
Is 25 a factor of 6925?
True
Is 5 a factor of 4423?
False
Does 120 divide 2304?
False
Does 117 divide 14274?
True
Is 16 a factor of 128?
True
Is 5967 a multiple of 6?
False
Does 7 divide 22010?
False
Is 47 a factor of 841?
False
Is 42 a factor of 336?
True
Does 31 divide 9486?
True
Is 4783 a multiple of 24?
False
Is 5840 a multiple of 20?
True
Is 31 a factor of 277?
False
Is 4304 a multiple of 16?
True
Does 31 divide 76353?
True
Is 141 a factor of 641?
False
Does 19 divide 380?
True
Does 27 divide 11636?
False
Is 19 a factor of 17537?
True
Is 38 a factor of 21361?
False
Does 23 divide 3496?
True
Is 16 a factor of 217?
False
Is 149 a factor of 10281?
True
Is 22 a factor of 603?
False
Is 91 a factor of 23751?
True
Does 6 divide 329?
False
Does 18 divide 54?
True
Is 9 a factor of 59?
False
Is 1962 a multiple of 6?
True
Is 1597 a multiple of 71?
False
Is 2 a factor of 311?
False
Does 8 divide 7582?
False
Is 20 a factor of 480?
True
Does 33 divide 55077?
True
Is 4256 a multiple of 38?
True
Does 193 divide 104413?
True
Is 8525 a multiple of 11?
True
Is 55111 a multiple of 154?
False
Is 2 a factor of 172?
True
Is 10458 a multiple of 7?
True
Is 7 a factor of 3493?
True
Is 11 a factor of 26323?
True
Is 20003 a multiple of 14?
False
Is 93 a factor of 15810?
True
Is 5 a factor of 1151?
False
Is 936 a multiple of 13?
True
Is 25625 a multiple of 205?
True
Is 58 a factor of 466?
False
Is 706 a multiple of 87?
False
Is 109 a factor of 3270?
True
Is 11 a factor of 3102?
True
Does 2 divide 1056?
True
Is 15 a factor of 4470?
True
Is 3511 a multiple of 94?
False
Is 1819 a multiple of 16?
False
Does 93 divide 40819?
False
Does 5 divide 4550?
True
Is 81 a factor of 1296?
True
Is 6 a factor of 4096?
False
Is 75 a factor of 750?
True
Is 386 a multiple of 6?
False
Is 91 a factor of 783?
False
Does 14 divide 5530?
True
Is 29 a multiple of 2?
False
Does 7 divide 258?
False
Does 6 divide 1890?
True
Is 28 a factor of 8484?
True
Is 19 a factor of 996?
False
Does 61 divide 121623?
False
Is 5 a factor of 4295?
True
Is 69 a multiple of 3?
True
Is 3510 a multiple of 18?
True
Is 27927 a multiple of 131?
False
Does 11 divide 23232?
True
Does 5 divide 25960?
True
Does 31 divide 900?
False
Is 17 a factor of 1445?
True
Is 223 a multiple of 35?
False
Is 1559 a multiple of 8?
False
Is 36 a factor of 1519?
False
Is 49 even?
False
Does 4 divide 28?
True
Does 160 divide 6424?
False
Is 244 a multiple of 12?
False
Is 101 a factor of 808?
True
Is 33 a factor of 396?
True
Does 9 divide 9729?
True
Does 14 divide 4570?
False
Does 2 divide 212?
True
Is 49 a factor of 3724?
True
Is 1152 a multiple of 18?
True
Is 103 a factor of 6146?
False
Does 21 divide 20299?
False
Is 38870 a multiple of 8?
False
Is 36 a factor of 1368?
True
Does 22 divide 322?
False
Is 57 a factor of 344?
False
Does 18 divide 3308?
False
Does 46 divide 18962?
False
Does 202 divide 13938?
True
Is 80 a factor of 320?
True
Does 5 divide 1640?
True
Does 12 divide 434?
False
Is 144 a factor of 4896?
True
Is 118607 a multiple of 34?
False
Does 294 divide 78204?
True
Is 54 a factor of 372?
False
Is 12 a factor of 881?
False
Does 9 divide 2574?
True
Is 16 a factor of 1856?
True
Is 63 a factor of 23751?
True
Is 6757 a multiple of 29?
True
Is 44 a factor of 7656?
True
Does 144 divide 33673?
False
Is 2932 a multiple of 42?
False
Is 267 a factor of 13617?
True
Does 53 divide 10594?
False
Is 34 a factor of 20842?
True
Is 66 a factor of 2112?
True
Is 571 even?
False
Is 1494 a multiple of 37?
False
Is 2 a factor of 9154?
True
Does 178 divide 6764?
True
Does 32 divide 616?
False
Is 35 a multiple of 7?
True
Does 81 divide 47142?
True
Is 1884 a multiple of 61?
False
Is 380 a multiple of 49?
False
Does 38 divide 2698?
True
Does 18 divide 1872?
True
Is 6 a factor of 287?
False
Does 30 divide 34?
False
Does 8 divide 6170?
False
Is 86 a factor of 4597?
False
Is 65 a factor of 747?
False
Does 26 divide 1638?
True
Does 48 divide 21479?
False
Is 56 a factor of 15558?
False
Does 21 divide 294?
True
Is 2 a factor of 2307?
False
Does 101 divide 4848?
True
Is 16241 a multiple of 109?
True
Does 32 divide 672?
True
Is 324 a factor of 11066?
False
Is 17336 a multiple of 11?
True
Is 7 a factor of 10948?
True
Does 90 divide 1108?
False
Is 17 a multiple of 4?
False
Is 3661 even?
False
Is 1892 a multiple of 37?
False
Is 101 a factor of 9696?
True
Is 6466 a multiple of 122?
True
Is 1903 a multiple of 13?
False
Does 14 divide 843?
False
Is 28 a factor of 1573?
False
Is 952 a multiple of 14?
True
Does 7 divide 1515?
False
Is 27 a factor of 1829?
False
Is 101 a factor of 27169?
True
Does 85 divide 4257?
False
Is 110755 a multiple of 50?
False
Is 32 a factor of 2855?
False
Is 36 a factor of 3977?
False
Is 3 a factor of 774?
True
Is 16 a factor of 21453?
False
Is 1589 a multiple of 6?
False
Is 7117 a multiple of 11?
True
Does 15 divide 339?
False
Is 6 a factor of 1440?
True
Is 70 a multiple of 22?
False
Is 815 a multiple of 29?
False
Is 12044 a multiple of 85?
False
Is 30 a factor of 16800?
True
Is 14 a factor of 277?
False
Is 290 a multiple of 23?
False
Is 115 a factor of 4830?
True
Is 7364 a multiple of 28?
True
Does 8 divide 16488?
True
Does 7 divide 190?
False
Is 7602 even?
True
Is 4380 a multiple of 17?
False
Does 11 divide 14531?
True
Is 3392 a multiple of 35?
False
Is 23 a factor of 241?
False
Is 12 a factor of 158712?
True
Is 2702 a multiple of 14?
True
Is 2702 a multiple of 14?
True
Does 73 divide 931?
False
Is 35 a factor of 902?
False
Is 5304 a multiple of 34?
True
Does 58 divide 2295?
False
Does 34 divide 550?
False
Does 142 divide 11928?
True
Is 99 a factor of 990?
True
Is 126 a factor of 96894?
True
Is 2324 a multiple of 33?
False
Does 15 divide 1144?
False
Is 25 a factor of 4881?
False
Is 11 a factor of 264?
True
Is 34038 a multiple of 157?
False
Does 65 divide 352?
False
Is 1020 a multiple of 6?
True
Is 11 a factor of 3784?
True
Is 22 a factor of 46178?
True
Is 6 a factor of 3719?
False
Is 22 a factor of 83?
False
Is 18647 a multiple of 9?
False
Is 1060 a multiple of 3?
False
Is 30990 a multiple of 225?
False
Is 51 a factor of 2244?
True
Is 29289 a multiple of 20?
False
Is 42810 a multiple of 46?
False
Does 32 divide 2688?
True
Is 5454 a multiple of 9?
True
Does 7 divide 296?
False
Does 13 divide 28743?
True
Does 17 divide 29417?
False
Is 1050 a multiple of 15?
True
Does 37 divide 1628?
True
Does 46 divide 546?
False
Does 51 divide 2139?
False
Is 403 a multiple of 20?
False
Is 29 a factor of 2581?
True
Is 41 a factor of 10880?
False
Is 33 a factor of 140?
False
Is 181 a multiple of 80?
False
Is 53 a factor of 11024?
True
Is 42 a factor of 1567?
False
Is 1534 a multiple of 118?
True
Is 268 a multiple of 45?
False
Is 186 a factor of 2957?
False
Does 104 divide 35914?
False
Is 17 a factor of 5424?
False
Does 23 divide 1173?
True
Is 13 a factor of 11349?
True
Is 19 a factor of 67893?
False
Does 34 divide 4454?
True
Is 3017 a multiple of 19?
False
Is 8296 a multiple of 34?
True
Is 1340 a multiple of 20?
True
Does 24 divide 32?
False
Is 72 a factor of 24768?
True
Does 40 divide 200?
True
Is 48564 a multiple of 114?
True
Is 1297 a multiple of 12?
False
Is 211 a factor of 99133?
False
Is 432 a factor of 19008?
True
Does 107 divide 2461?
True
Is 10 a factor of 1220?
True
Does 44 divide 28380?
True
Is 3364 a multiple of 58?
True
Is 2193 a multiple of 14?
False
Is 50 a factor of 12186?
False
Is 1708 a multiple of 32?
False
Is 57 a factor of 342?
True
Is 806 a multiple of 13?
True
Does 29 divide 8700?
True
Is 1420 a multiple of 4